 - 3 - (-24 + 8 - -2).
16
Calculate 5 + (3 - 3 - 0) - (462 - 459).
2
What is the value of 30 + -4 + (4 + (1 - 2) - 10)?
19
What is the value of (-4 - (-18 + 20)) + -4?
-10
What is the value of 5 - 0 - ((-46 - -59) + (-2 - 17))?
11
What is 15 + -1 + -1 + 8 + -9?
12
3 + -31 + 11 + 0 + -2 + 4
-15
Evaluate 1 - (4 + 4 - 7) - -9 - -19.
28
Evaluate -63 + 70 - (0 - (-11 - 2)).
-6
Evaluate 15 - (2 + 3 - 6) - 3 - 5.
8
Evaluate 13 + (-2 - -3) + -6.
8
Evaluate -14 - 9 - (16 - 14).
-25
What is the value of (23 - 13) + -24 - -11?
-3
What is 3 - (-25 + (7 - 4) + 8)?
17
Evaluate 3 - -1 - (21 + 14 + -16).
-15
-20 + -6 + (12 - -9) - 7
-12
16 + (-3 - 7 - 11) + -17
-22
-1 + 6 + (50 - 49) + -14
-8
Calculate 147 - 147 - (1 + -14).
13
(-33 - -43) + (-5 - -1) - 34
-28
What is the value of -23 + 0 + (-10 - -5 - -8)?
-20
What is -104 + 110 + -7 + -1 - -3 - 0?
1
What is 0 + (2 - 1) - (34 - 26 - 8)?
1
-1 + (10 - 1) + (10 - (-9 - -34))
-7
Evaluate 9 + 0 - (-167 - -162).
14
What is (1 + -12 - 0) + (-1040 - -1085)?
34
What is the value of -13 + 6 - (6 - (12 - -3))?
2
What is (12 - (-8 + 13 - -5)) + -5?
-3
What is the value of -4 + -5 + 2 + -7 - 3?
-17
What is -7 - (4 + (-13 - (-14 - 2)))?
-14
Evaluate (-20 - 1 - 1 - (688 - 685)) + 0.
-25
What is the value of -5 + 13 + -2 + -5 - (-1 + 7)?
-5
Calculate 9 - (7 + 2 + -11 - 5).
16
4 - (-23 - ((11 - 13) + 1 + -7))
19
What is the value of -4 + -7 + (0 - -7) + 7?
3
Calculate (2 - -2 - -10) + -6 + -13.
-5
What is the value of 28 + (3 - 7) + 6 + -17?
13
Calculate -10 + -12 + (31 - 7) + -17.
-15
-7 + (0 - -16) - (6 + -4 + -15)
22
What is 7 + 15 + -3 - (24 - (2 + 12))?
9
3 + -1 + (8 - 7) + 9 + -3
9
12 + (-4 - -10) - -1 - 11
8
What is 21 + -7 + -5 + 0 - (7 + -10)?
12
Calculate -21 - -10 - (-11 - 2).
2
What is the value of -17 + 9 + -3 + 6?
-5
What is the value of 158 + -167 - (4 + 3)?
-16
Calculate 19 + (-6 - (-5 + 6)) - (0 + 2).
10
3 + (-23 + 6 + 3 + 1 - -7)
-3
What is the value of 33 - (11 + 19 + -11)?
14
What is 0 + -25 + (-64 - -39) + 28?
-22
What is (0 - (-14 + -1)) + -46 + 47?
16
What is the value of -85 - -93 - (1 + (15 - 0))?
-8
Calculate 188 + -163 + (-27 - -3).
1
What is (-10 + (-9 - -16) - -1) + -6?
-8
What is the value of (0 - (-8 + 2) - 2 - 4) + 7?
7
Calculate (-15 - (-10 + 10)) + 2 + (4 - 1).
-10
What is the value of (-5 - -2) + 2 - (-9 + 3 - -15)?
-10
Calculate -39 + 0 - (-259 + 250).
-30
Calculate -1 + 2 - -6 - -1 - 0.
8
Evaluate -4 - ((9 - 3) + (-5 - 2)).
-3
Calculate -7 - 0 - (-12 + 8 - -17).
-20
What is -21 - (-10 - -3 - (-21 + 10 + 9))?
-16
What is 12 + (0 - (-10 - -6)) + -12?
4
What is -1 + (10 - 9) + 3 + -3?
0
Evaluate 13 - 10 - -4 - (6 - -1) - 6.
-6
What is the value of -6 + (2 - 1) - (6 - (-33 - -23))?
-21
What is -13 + -5 + (-2 - -8 - -1)?
-11
What is 2 - (0 - 8) - (35 + -80 + 42)?
13
(9 - 1) + 1 + (-43 - (32 + -72))
6
Calculate -1 - (-5 + -5 + 0 + (-2 - 0)).
11
-1 + (6 - (0 + -3)) - (44 - 17)
-19
What is the value of -19 + (1 + -18 - -13)?
-23
Evaluate 18 + 9 + 6 + -13 + -1.
19
Evaluate (-43 - -22) + (54 - 48).
-15
What is the value of (24 - 13) + -6 + -9?
-4
-4 + 30 + -13 - 4
9
What is 23 + -53 + (-9 - -20)?
-19
Calculate 5 + -2 - 1 - (7 - 15).
10
1 + (-17 - (3 + -8)) - (76 - 99)
12
Evaluate -5 + 30 - -1 - ((16 - 27) + 9).
28
What is the value of (7 - 3 - (1 - 3 - -29)) + 6?
-17
Evaluate 0 + -3 + 2 + (-2 + 3 - -12).
12
Evaluate 1 + 8 - 35 - -46.
20
What is 12 + 7 + -29 + 18?
8
Calculate 39 - ((16 - -8) + -20).
35
What is 58 - 79 - (6 - 6)?
-21
Evaluate ((11 - 5) + -9 - -7) + -1.
3
What is (11 + -10 - (-2 - 1)) + (-4 - -12)?
12
Evaluate 14 + (4 - (-2 - (-10 + 11)) - 10).
11
5 + (2 - (-5 - -8)) - (2 + 2)
0
Calculate (41 - (-4 + 28)) + -9.
8
Calculate -13 - -13 - (1 - -7) - -6.
-2
-7 - 0 - 15 - -33
11
What is 13 + (38 - (5 - (-31 + 17)))?
32
What is -34 + 8 + 8 - -20?
2
Calculate 2 + (-13 - -24) - 11.
2
Calculate 3 + -11 + 1 - (82 - 80).
-9
(3 - 16) + (11 - 4)
-6
Calculate (0 - 9) + (-63 - -20) + 32.
-20
(-6 - 1) + (-2 - 3) + 8
-4
What is 25 - (21 + 1) - (-1 - (-2 - -5))?
7
(11 - (8 + -6 - -2)) + -4 + -12
-9
What is the value of -3 + -3 + 5 - -2 - (8 + 5)?
-12
(-8 - ((-5 - 0) + (-26 - -25))) + 9
7
Calculate -22 + (23 - (-8 - -38)).
-29
Evaluate -2 - -8 - (28 - (32 + -15)).
-5
Evaluate (-3 - (2 + -16)) + -13.
-2
Calculate (-2 - (35 + -29)) + (1 - 2 - 0).
-9
What is (-1 - 3) + (4 - (-7 + -3 + 13))?
-3
Evaluate 15 + (0 - 2) - (10 - 6).
9
-423 + 480 - (31 - 0)
26
What is 28 - 3 - ((-23 - -19) + (6 - -1))?
22
What is (36 - 2) + (-60 - -49)?
23
What is -14 + 6 + -2 + -2 + 7?
-5
What is the value of -32 + 9 + 7 + 16 - -21?
21
What is the value of -4 + -26 + 6 - -8?
-16
Evaluate 16 + -7 - (-23 - -9).
23
(1 - 47 - 2) + 462 + -447
-33
-19 + 23 + (4 - -4)
12
18 + 9 + -20 - 2
5
What is 1 - (5 + -31 + 17)?
10
What is the value of (-7 - -4 - -8) + (-5 - (2 + -4))?
2
What is the value of -20 + 27 + -4 + (1 - 0)?
4
What is the value of -51 - (22 + -81 + 27)?
-19
Calculate -418 + 417 - (0 - (16 - 0)).
15
Evaluate -10 - -5 - (-13 + -1 + -3 + 0).
12
What is the value of -4 - ((4 - (6 + -5)) + 2)?
-9
Evaluate -24 + 37 + -13 - 8.
-8
What is -31 + 16 + (5 - 25) + 13?
-22
What is the value of 1 + (16 - 8) - 5 - 12?
-8
Calculate 1 + -3 + -6 + 5.
-3
What is the value of (-3 - (-3 + 24)) + 15 + 0?
-9
What is (0 + 4 - 10) + (-32 - -27)?
-11
What is the value of 339 + -309 + -13 + 2?
19
What is (-2 - -7) + (-6 - (11 - (30 + -8)))?
10
What is the value of 29 - (8 + -26 + 23)?
24
Evaluate -16 + -3 - (-14 - (-7 - 6)).
-18
What is -23 - (-25 - (-32 - -3))?
-27
8 + (-2 - -3) + -23 + 18
4
What is the value of -5 + -13 + 12 - (-10 - -1 - -1)?
2
Evaluate 11 + (-6 - (23 - 7)).
-11
What is -1 + -16 + 2 + (0 + -2 - -4)?
-13
-6 - (2 + 1 + 1 + (1 - 17))
6
What is -4 + 2 + (13 + -13 - (-4 - -1))?
1
Calculate (1 - 8) + (13 - (-11 + 4)).
13
Evaluate 7 + (4 - 0) + -1 + (178 - 178).
10
What is (8 - 0 - (38 - 30)) + 4?
4
Calculate (-1 - 1) + (-16 - -17 - 11) - 6.
-18
Evaluate (-6 - -4 - 2 - (-7 - -9)) + -4.
-10
What is the value of -18 + 23 + -14 + 11?
2
5 - 11 - ((-3 - -6) + 33 + -30)
-12
1 + -9 + (-6 + 26 - 1) - 30
-19
What is -4 + 8 + 2 - 0 - (15 - 2)?
-7
Calculate (6 - 0) + 0 - (-267 - -269).
4
Calculate 5 - (-7 + (24 + -3 - 7) + -10).
8
Calculate -218 - -225 - (0 + (2 - 0)).
5
Calculate -4 + -11 + 10 + -2 + -7.
-14
Calculate (-4 - (9 + -11) - 13) + 2 + 1.
-12
Evaluate -9 + -9 + 24 + -4.
2
Evaluate (17 - 2) + 2 + (-3 - 9).
5
Calculate -15 + 14 - -8 - 17 - -1.
-9
(2993 - 2986) + (2 - -1 - (-1 - -2))
9
Evaluate -22 + 43 + -9 - 19.
-7
0 - 1 - -7 - (-24 + 2 + 25)
3
Calculate 1 + 0 - (16 - ((-3 - -3) + 9)).
-6
Evaluate (22 - -1 - 12) + -9.
2
What is the value of 42 + (-5 - (33 - 4))?
8
What is the value of (3 - (3 - 9)) + (-6 - (8 + -10))?
5
What is the value of (1 - 1) + (-35 - -24) + -5 + 2?
-14
Evaluate (-11 - -5 - -1) + -2 - -5.
-2
Calculate (-1 - 3) + (-2 - 4).
-10
Evaluate (0 - 0 - (26 - (25 + 1))) + 6.
6
What is -10 - -22 - (-3 - -28)?
-13
Evaluate 1 + -6 + (100 - 27) + -55.
13
What is the value of (8 - 7) + 9 + -7 + -24 + 14?
-7
5 - (-5 + (18 - 7 - (3 + 0)))
2
-8 + 1 + (36 - (13 - 8)) + -7
17
Evaluate 1105 - 1085 - (2 + 24).
-6
What is the value of -9 - ((-21 - -8) + -1)?
5
What is -7 + 1 + (-10 + 1 - -3)?
-12
What is -5 - (0 - -2 - (27 + (-17 - -13)))?
16
Evaluate -4 + 4 - (0 - 4) - 16.
-12
-16 - (63 - 65 - (-6 - -1))
-19
Calculate 14 + -16 + (-22 - -6) + 24.
6
Calculate 3 - 5 - (-7 + -1) - 6.
0
What is the value of 368 + -406 + 21 + 1?
-16
-41 - -21 - (-30 + 2)
8
What is 0 + (16 - 4 - 4) + (10 - 11)?
7
Evaluate -9 - (-25 + (3 + (-9 - -7) - -4)).
11
What is the value of 7 - (-23 - -32 - 23)?
21
What is 15 - (-14 + -3 - -11 - -5)?
16
Evaluate -1 + 5 - (-1 + 0 + (14 - 12)).
3
What is 14 + -24 + 4 - -14?
8
Evaluate (-52 - -38 - (-1 - 1)) + 18.
6
-1 - 1 - (-19 + 19)
-2
Evaluate 9 + -52 + 5 + 22.
-16
What is the value of -35 + 4 + -24 + 40?
-15
What is the value of 135 + -128 + 0 + 11 + -2?
16
What is the value of 133 + -126 - (-5 + -16)?
28
Evaluate -22 + 10 - -28 - 3.
13
-5 + (-12 - (-10 - -10))
-17
Evaluate -2 + (-10 - -12) + -10 + -2.
-12
What is (-5 - (6 + -6 + -5)) + -1 + -16?
-17
1 - (13 - 1 - -1)
-12
What is -5 + 10 + 7 + 14 + 0 + -9?
17
What is the value of 14 + -2 + -12 - 4?
-4
What is -19 - 1 - -39 - (-1 + 16)?
4
What is the value of 22 - (